(-6)/(-4) + r)*4. Suppose 4*x + 7 = i, z*i + i - 4*x = 21. What are the prime factors of i?
7
Let q be 2526/24 - (-3)/(-12). Let c = -50 + q. List the prime factors of c.
5, 11
Suppose -v - 4 = 2. Let a be v + 5 + (-1 - -2). Suppose 3*d + 0*t - t - 106 = a, -33 = -d - 2*t. What are the prime factors of d?
5, 7
Suppose -x + 5*c = 2*x + 70, 4*c + 40 = -4*x. Let a(f) = f**2 + 12*f + 28. What are the prime factors of a(x)?
73
Let t = -28 + 12. What are the prime factors of 1339/9 + -1 - t/72?
2, 37
Let x(p) = p**2 - 2*p + 45. Let z be 0/(-4 + 7 - 6). List the prime factors of x(z).
3, 5
Let x = -48 - -18. Let g = 41 + x. What are the prime factors of g?
11
Suppose 4*y + 5*a = 10091, y + 4*a = -3*y + 10088. What are the prime factors of y?
11, 229
Suppose -18 = -2*r + r + 5*p, r - 2*p = 15. Let d(c) = -2*c**2 + 26*c + 3. What are the prime factors of d(r)?
3
Let f(u) = 3*u**3 - 7*u**2 - 6*u - 9. List the prime factors of f(6).
3, 13
Let f be (-40)/6*(-285)/5. Suppose 238 = 3*a - 2*d, 2*d + f = 5*a + 7*d. List the prime factors of a.
2, 3, 13
Let f = 316 + -209. Suppose s = 4*u - f, 3*u + 0*s = 5*s + 76. List the prime factors of u.
3
Suppose 4*d = -83 - 1. Let y = 15 + d. List the prime factors of 9/y*1*-22.
3, 11
Suppose 0 = -3*b + 6*b - 306. Suppose 3*q - 213 = b. List the prime factors of q.
3, 5, 7
Suppose 5185 = -2050*d + 2055*d. What are the prime factors of d?
17, 61
Suppose 0 = 3*c - 3*i - 2976, 4*c = 8*c + 2*i - 3944. What are the prime factors of c?
2, 13, 19
Let p = 117 - -185. What are the prime factors of p?
2, 151
Let u be (-2 - 1 - -3) + -45. List the prime factors of -1 + 5 - (u - 1).
2, 5
Let q = -839 + 1148. List the prime factors of q.
3, 103
Suppose -8*q = 3*q - 1705. Suppose -5*h + 187 + 198 = 5*z, 3*h - q = -2*z. What are the prime factors of z?
2, 19
Let i = 548 + -147. What are the prime factors of i?
401
Let x = 7 - 3. Let j be 5/((-2)/(-62) + 0). Suppose j + 5 = x*q. What are the prime factors of q?
2, 5
Suppose -35*c + 7485 + 131990 = 0. List the prime factors of c.
5, 797
Suppose -5*s - 11 = -1. Let y(x) = 2*x**3 - 111*x + 110*x - 7*x**3 + 2. List the prime factors of y(s).
2, 11
What are the prime factors of (-78*339)/(-2)*(-107)/(-321)?
3, 13, 113
Suppose 2*o + 10 = 0, -2*u + 596 = 7*o - 5*o. What are the prime factors of u?
3, 101
Suppose -5*x + 6159 = -11411. What are the prime factors of x?
2, 7, 251
Suppose -3*z = -2485 + 1015. Suppose 4*b - 155 + z = 5*y, 5*y - 300 = -3*b. List the prime factors of y.
3, 7
Let z = -770 + 1122. What are the prime factors of z?
2, 11
Suppose 0 = 21*c - 20*c - 173. Let g = -115 + c. What are the prime factors of g?
2, 29
Let a(f) = -22*f + 9*f + f**3 - 7 + 0*f**3 + 10*f**2. List the prime factors of a(-11).
3, 5
Suppose 2*y - y = -l - 10, 2*l = -4*y - 48. Let a be (3/7)/((-2)/y). What are the prime factors of (-4)/a*18/(-4)?
2, 3
Suppose 9 = 3*z - 126. List the prime factors of z.
3, 5
Let y(l) = -l**2 - 50*l + 29. List the prime factors of y(-34).
3, 191
Suppose 7*a - 1548 = 3*a - d, 0 = -4*a - 2*d + 1544. List the prime factors of a.
2, 97
Let u be ((-6)/(-3) - 4)/(-2). Let w be -6 - -3 - (u - -2). Let c = w - -17. What are the prime factors of c?
11
What are the prime factors of (190/(-20) - -10)*(-1 + 1181)?
2, 5, 59
Let p(u) = -2*u**2 + 9*u + 11. Let r be p(-5). Let i = 338 - r. Suppose 150 - i = -4*l. List the prime factors of l.
2, 17
Let a(v) = -1018*v - 397. List the prime factors of a(-4).
3, 5, 7
Let k = 2740 - 1610. What are the prime factors of k?
2, 5, 113
List the prime factors of (6/8)/(1/36).
3
Suppose 3*d = 5*l + 1372, 0 = 5*d - l - 581 - 1669. What are the prime factors of d?
449
Suppose -4*q + 3*n + 509 = -2*q, 0 = 5*n + 25. Suppose q = 5*s - 138. List the prime factors of s.
7, 11
Let w(y) = 2*y - 6*y**2 - 26*y**3 + 0 + 2 + 5*y**2 - y**2. Let s be w(2). List the prime factors of s/(-27) + (-2)/(-9).
2
Let a = 24 - 20. Suppose -a*h + w = 15, -4*w + 9 + 0 = h. What are the prime factors of 676/16 + h/12?
2, 3, 7
Let u = 814 + 296. List the prime factors of u.
2, 3, 5, 37
Suppose 0 = 3*d + 127 + 65. Let r = 90 + d. What are the prime factors of r?
2, 13
Let d(c) = -276*c - 3. Let k be d(1). List the prime factors of (k/(-6) - -1)*(2 - 0).
5, 19
Suppose -23 = -2*b + d, b + 3*d - d = 14. Suppose 8*g - b*g + 512 = 0. List the prime factors of g.
2
Let k(f) = f**3 - 12*f**2 + 7*f + 8. Let p be k(10). Let h = p - -264. What are the prime factors of h?
2, 71
Let c(b) = -b**3 - 4*b**2 - 2*b + 1. Let k be c(-2). Let m = k - -1. Let z = 19 - m. What are the prime factors of z?
3, 7
Suppose 2*j + j + 35 = -5*d, -35 = 5*d + 2*j. Let k = 10 + d. Suppose -3*h - 5*z = 11 + k, -22 = -h + 5*z. List the prime factors of h.
2
Suppose -y - 331 = -o + 3*y, 2*o - 686 = 2*y. What are the prime factors of o?
347
Let t(w) be the first derivative of -7*w**2 + w - 5. Let f be t(-2). Let a = -12 + f. List the prime factors of a.
17
Let h = -308 + 468. Suppose -4*r + h = 4*u, -u + 3*r + 100 = u. List the prime factors of u.
2, 11
Suppose 4*o = 2*l + 496, -698 + 108 = -5*o - 5*l. List the prime factors of o.
2, 61
Let h = -2578 - -4998. What are the prime factors of h?
2, 5, 11
Let z(l) = 5*l**2 - 18*l - 28. Let u(p) = -14*p**2 + 54*p + 83. Let c(i) = -6*u(i) - 17*z(i). Let b be c(-16). Let h = b - -14. List the prime factors of h.
2, 3
Let h(j) = -j**2 + 44*j - 16. List the prime factors of h(39).
179
Suppose -f - 2*f + 5*f = 0. List the prime factors of (f - (-91 - 3)) + -3.
7, 13
Let r(p) = p**3 - 9*p**2 + 6*p + 16. Let n be r(8). Suppose -2*u = -n*u - 122. What are the prime factors of u?
61
Let t(w) = w**2 + 4*w + 5. Let o be t(-4). Suppose o*d + 53 = 198. List the prime factors of d.
29
Suppose 0*h + 3*h - 3 = 0. List the prime factors of ((-122)/(-5))/(h/5).
2, 61
Let u be (-50*(-3)/(-6))/1. Let c = -20 - u. Suppose -c*g + 47 = -8. List the prime factors of g.
11
Suppose 0 = -3*t - 4*x + 1227, -4*t - 2*x + 692 = -934. What are the prime factors of t?
3, 5
List the prime factors of -1 + -1 + 3 + (-2 - -876).
5, 7
Suppose -9*a = -6*a - 9. Let k be (-1 - 2) + 6 + 44. Let x = k + a. What are the prime factors of x?
2, 5
Let p = 5 - 1. Suppose 3*f + 80 = -p*y + f, 0 = 3*y - 4*f + 82. What are the prime factors of y/(-3) - 36/27?
2, 3
Let m = 96 + -50. Suppose -7*q - u + 145 = -3*q, -m = -q + 3*u. What are the prime factors of q?
37
Let v = 29 + -25. Suppose 5*l + 40 = 2*k - 10, 4*k + v*l = 100. List the prime factors of k.
5
What are the prime factors of 30/(-160)*2 - 34054/(-16)?
2, 7, 19
Suppose 5*l = 35 - 10. Suppose 6 = l*k + n - 3*n, 3*k - 8 = -n. Suppose 0 = -2*g - 5*t - 2, -k*g + 9 + 7 = -4*t. List the prime factors of g.
2
What are the prime factors of 22/12 + -1 - 4202198/(-1092)?
3, 1283
Let l(t) = -22*t - 124. List the prime factors of l(-20).
2, 79
Let r(o) = 863*o**3 + 2*o**2 - 2*o. List the prime factors of r(1).
863
Suppose -1550 = -q + 3*r, -r = 6*q - 8*q + 3080. What are the prime factors of q?
2, 769
Let j = 137 + 871. What are the prime factors of j?
2, 3, 7
Suppose 5 - 3 = -2*j. List the prime factors of (j - 0 - -6)/(4/64).
2, 5
Suppose 5*g = -4*k + 1639, -649 = -2*g - 0*k + 5*k. Suppose -4*a + g = 91. List the prime factors of a.
59
Let i(u) = 2*u**3 + 3*u**2 - 10*u + 6. Suppose 5*k - 10 = 10. List the prime factors of i(k).
2, 71
Suppose 5*b = 2*b + 4842. List the prime factors of b.
2, 3, 269
Let l(f) = -f**3 + 3*f. Let p = 21 - 28. Let a be p/2 - (-11)/22. List the prime factors of l(a).
2, 3
Suppose -v = 2*n - 2493, -n - v + 365 + 880 = 0. What are the prime factors of n?
2, 3, 13
Let l = 13 - 11. Suppose -292 + 72 = -l*i. List the prime factors of i.
2, 5, 11
Suppose 9604 = -41*i + 55*i. List the prime factors of i.
2, 7
Let p = -7 - -20. Suppose -4*l + 41 = d - p, -15 = 5*l. Let s = 99 - d. List the prime factors of s.
3, 11
Suppose 440 = -3*p + 3914. What are the prime factors of p?
2, 3, 193
Let b = 52 + -55. What are the prime factors of 737/7 - -4*b/42?
3, 5, 7
Let t(p) = -3*p**3 + 5*p**2 + 4*p - 6. Let l be t(4). What are the prime factors of (-1)/((-3)/l*-1)?
2, 17
Let k be 11 - -1*(1 - 0). Suppose h - k = -10. Suppose -4*p = 5*n + 13 - 73, h*p = 0. What are the prime factors of n?
2, 3
Let t(o) = 300*o + 406. What are the prime factors of t(7)?
2, 7, 17